late the remainder when 18268 is divided by 571.
567
What is the remainder when 16147 is divided by 367?
366
What is the remainder when 52358 is divided by 5?
3
Calculate the remainder when 18548 is divided by 81.
80
Calculate the remainder when 54610 is divided by 13638.
58
Calculate the remainder when 354 is divided by 108.
30
What is the remainder when 15329 is divided by 295?
284
Calculate the remainder when 220 is divided by 140.
80
What is the remainder when 1567 is divided by 1073?
494
What is the remainder when 10539 is divided by 5261?
17
Calculate the remainder when 10539 is divided by 19.
13
Calculate the remainder when 272193 is divided by 20936.
25
What is the remainder when 6555 is divided by 657?
642
What is the remainder when 1551 is divided by 235?
141
What is the remainder when 1792 is divided by 135?
37
Calculate the remainder when 5529 is divided by 108.
21
Calculate the remainder when 14855 is divided by 330.
5
Calculate the remainder when 31129 is divided by 6214.
59
What is the remainder when 3756 is divided by 417?
3
What is the remainder when 349 is divided by 11?
8
Calculate the remainder when 3314845 is divided by 1136.
1133
Calculate the remainder when 335463 is divided by 38.
37
Calculate the remainder when 170413 is divided by 315.
313
Calculate the remainder when 103948 is divided by 18.
16
Calculate the remainder when 9362 is divided by 520.
2
What is the remainder when 2350 is divided by 588?
586
Calculate the remainder when 160077 is divided by 15.
12
What is the remainder when 1484 is divided by 632?
220
Calculate the remainder when 416322 is divided by 1008.
18
Calculate the remainder when 151517 is divided by 55.
47
Calculate the remainder when 19870 is divided by 24.
22
What is the remainder when 22790 is divided by 3699?
596
Calculate the remainder when 44657 is divided by 63.
53
What is the remainder when 165761 is divided by 15?
11
What is the remainder when 11414 is divided by 1896?
38
What is the remainder when 19919 is divided by 524?
7
Calculate the remainder when 139805 is divided by 110.
105
Calculate the remainder when 2861 is divided by 809.
434
Calculate the remainder when 218241 is divided by 704.
1
Calculate the remainder when 302988 is divided by 3607.
0
Calculate the remainder when 167560 is divided by 14.
8
What is the remainder when 6566282 is divided by 277?
274
Calculate the remainder when 9567 is divided by 141.
120
Calculate the remainder when 20948 is divided by 113.
43
Calculate the remainder when 47429 is divided by 1320.
1229
What is the remainder when 6094 is divided by 134?
64
Calculate the remainder when 173482 is divided by 36.
34
What is the remainder when 48056 is divided by 257?
254
What is the remainder when 1225153 is divided by 28?
13
Calculate the remainder when 4014 is divided by 1336.
6
Calculate the remainder when 1392 is divided by 226.
36
What is the remainder when 1150 is divided by 284?
14
What is the remainder when 44855 is divided by 14947?
14
Calculate the remainder when 648098 is divided by 100.
98
Calculate the remainder when 5096 is divided by 999.
101
Calculate the remainder when 6617 is divided by 19.
5
What is the remainder when 335803 is divided by 43?
16
Calculate the remainder when 2080 is divided by 275.
155
What is the remainder when 80294 is divided by 493?
428
Calculate the remainder when 18762 is divided by 1181.
1047
What is the remainder when 487902 is divided by 1398?
0
Calculate the remainder when 70761 is divided by 181.
171
What is the remainder when 68145 is divided by 54?
51
Calculate the remainder when 19496 is divided by 21.
8
What is the remainder when 2154 is divided by 17?
12
What is the remainder when 241030 is divided by 105?
55
What is the remainder when 50819 is divided by 105?
104
What is the remainder when 7079 is divided by 1408?
39
What is the remainder when 13755 is divided by 156?
27
Calculate the remainder when 3994 is divided by 269.
228
Calculate the remainder when 188819 is divided by 395.
9
What is the remainder when 26313 is divided by 16?
9
What is the remainder when 24609 is divided by 5?
4
Calculate the remainder when 33832 is divided by 48.
40
Calculate the remainder when 157891 is divided by 102.
97
Calculate the remainder when 334 is divided by 16.
14
What is the remainder when 13246 is divided by 342?
250
Calculate the remainder when 613 is divided by 235.
143
What is the remainder when 31212 is divided by 10402?
6
What is the remainder when 125588 is divided by 11417?
1
Calculate the remainder when 16003 is divided by 5333.
4
Calculate the remainder when 8297 is divided by 136.
1
What is the remainder when 32928 is divided by 180?
168
What is the remainder when 34995 is divided by 19?
16
Calculate the remainder when 17841 is divided by 7.
5
Calculate the remainder when 8320 is divided by 2415.
1075
Calculate the remainder when 14574 is divided by 583.
582
Calculate the remainder when 3350 is divided by 1656.
38
Calculate the remainder when 8356 is divided by 98.
26
Calculate the remainder when 4320242 is divided by 34.
32
Calculate the remainder when 1787 is divided by 184.
131
What is the remainder when 15553 is divided by 971?
17
Calculate the remainder when 489870 is divided by 81643.
12
Calculate the remainder when 2267 is divided by 359.
113
Calculate the remainder when 200109 is divided by 30.
9
Calculate the remainder when 276624 is divided by 16.
0
What is the remainder when 6710 is divided by 1026?
554
What is the remainder when 1218 is divided by 135?
3
What is the remainder when 50660 is divided by 5?
0
Calculate the remainder when 133186 is divided by 10.
6
Calculate the remainder when 722300 is divided by 2137.
2131
What is the remainder when 29581 is divided by 7395?
1
Calculate the remainder when 3494 is divided by 69.
44
Calculate the remainder when 144071 is divided by 61.
50
What is the remainder when 2512815 is divided by 21?
18
What is the remainder when 2888 is divided by 1406?
76
Calculate the remainder when 114033 is divided by 158.
115
Calculate the remainder when 26392 is divided by 13146.
100
Calculate the remainder when 9168 is divided by 509.
6
What is the remainder when 26639 is divided by 14?
11
Calculate the remainder when 77132 is divided by 2665.
2512
Calculate the remainder when 13629 is divided by 333.
309
Calculate the remainder when 986909 is divided by 191.
12
Calculate the remainder when 96962 is divided by 160.
2
Calculate the remainder when 332363 is divided by 54.
47
Calculate the remainder when 6303 is divided by 1171.
448
What is the remainder when 80110 is divided by 13303?
292
What is the remainder when 5143 is divided by 2564?
15
Calculate the remainder when 346557 is divided by 12.
9
Calculate the remainder when 675 is divided by 300.
75
What is the remainder when 23425 is divided by 202?
195
Calculate the remainder when 24305 is divided by 219.
215
What is the remainder when 376 is divided by 153?
70
Calculate the remainder when 91364 is divided by 143.
130
What is the remainder when 59721 is divided by 55?
46
What is the remainder when 4418 is divided by 261?
242
Calculate the remainder when 4206 is divided by 42.
6
What is the remainder when 567 is divided by 552?
15
What is the remainder when 1010 is divided by 127?
121
What is the remainder when 10990 is divided by 393?
379
What is the remainder when 953368 is divided by 495?
493
What is the remainder when 96378 is divided by 102?
90
Calculate the remainder when 3498 is divided by 499.
5
Calculate the remainder when 2438 is divided by 310.
268
Calculate the remainder when 35940 is divided by 34.
2
Calculate the remainder when 1433 is divided by 272.
73
What is the remainder when 1814422 is divided by 519?
517
What is the remainder when 975867 is divided by 34?
33
What is the remainder when 2113 is divided by 124?
5
Calculate the remainder when 180959 is divided by 90476.
7
What is the remainder when 4657 is divided by 2245?
167
What is the remainder when 6429 is divided by 309?
249
What is the remainder when 123654 is divided by 104?
102
Calculate the remainder when 108771 is divided by 27190.
11
What is the remainder when 193905 is divided by 15?
0
Calculate the remainder when 28660 is divided by 122.
